*a**2 - 5*a - 9. Let d(u) = -2*f(u) + 5*n(u). What is d(-5)?
-7
Let s(f) = -f**3 - f**2 + f + 3. Suppose 3*a = -0*a + 12. Suppose -3 = a*u + l, 5*u - 4 = 5*l + 11. Determine s(u).
3
Let b(i) = -i. Suppose 2*x = 5*x - 36. Determine b(x).
-12
Let x(q) = 2 - q**2 + q - 4*q**2 + 2*q - 2*q. Determine x(2).
-16
Let s(g) = 2*g - 4*g + 40 + 3*g - 39. Give s(-11).
-10
Let t(l) = -5*l**2 + l**2 + 5*l**2. Suppose o + 12 = 2*o. Let d be 9/o - (-4)/16. Determine t(d).
1
Let y(i) = -3*i**2 + 3*i - 1. Let g = 30 - 14. Let q(t) = g*t**2 - 17*t + 0 - 2*t + 3*t + 4. Let z(n) = 2*q(n) + 11*y(n). What is z(3)?
-9
Let u(g) = -g**3 + 8*g**2 - 7*g - 10. Suppose -5*s - 29 = -5*m + 26, -34 = -2*m + 5*s. Determine u(m).
-10
Let q(k) = k**3 + 5*k**2 - 3*k - 5. Let i be (2/5)/((-2)/(-10)). Suppose -l - 2*l = 3*u + 57, 0 = -u - i. Let a = 12 + l. Determine q(a).
10
Let w(o) = o**2 + 6*o + 1. Let m be 2/2 + (-28)/4. What is w(m)?
1
Let a(t) = -t**2. Let g(d) = 3*d**2 + 4*d + 6. Let h(p) = -2*a(p) - g(p). Suppose 4*x = 2*c + 8 + 6, -2*c + 5*x = 15. What is h(c)?
-11
Let t(c) = c + 17. Let d be t(-13). Let v(l) = -l + 1. Let q(h) = -1. Let g(k) = -4*q(k) + v(k). Calculate g(d).
1
Let l(b) = b - 8. Let x be l(10). Suppose -4*n - 4*t + 12 = 0, 1 + x = 2*n - t. Let o(p) = 2*p**2 + p + 1. What is o(n)?
11
Let d(k) = 0 - 7*k + 7*k**2 + 6 - 6*k. Suppose 0 = 2*s + i + 10, s - 2*i = -5 - 0. Let g(n) = 4*n**2 - 7*n + 3. Let m(y) = s*g(y) + 3*d(y). Calculate m(5).
8
Suppose -10 = 4*z - 3*b - 39, -z + 13 = 5*b. Let n(s) = -4*s - 4*s + 6*s - z. Determine n(-6).
4
Suppose a = 3*j - 24, -3*j - 4*a + 3 = -6. Let m(g) = -4*g - 7 - g**3 + 0*g - j*g**2 - 3*g. Determine m(-6).
-1
Let a(z) = -3*z + 13. Let v(m) = -2*m + 7. Let o(r) = 3*a(r) - 5*v(r). Let p(l) = l**3 + 4*l**2 - 4*l + 5. Let n be p(-5). Determine o(n).
4
Let o = 81 + -77. Let a(s) = -s**3 + 5*s**2 - 4*s + 2. What is a(o)?
2
Let i(y) = -2*y + 4. Let o be (1 - 2 - 0)*-4. Suppose -o = -2*z + 6. Calculate i(z).
-6
Let n(i) be the third derivative of i**6/120 - i**4/12 + i**3/6 - 20*i**2. Give n(2).
5
Let a(r) = r. Let h(t) = 3*t + 4. Let n = 3 + -3. Let g = n + 1. Let u(b) = g*h(b) - 2*a(b). Determine u(-2).
2
Let r(d) = d**2 + 4*d - 5. Let o(x) = 2*x - 20. Let y be o(7). Calculate r(y).
7
Let i(z) be the first derivative of -z**4/4 - 2*z**3/3 + 9*z**2/2 - 9. Let a(p) be the second derivative of i(p). Give a(-3).
14
Let w(g) = g**2 + 6*g. Let j(i) be the second derivative of -3*i**5/10 + i**4/6 - i**2/2 - 3*i. Let m be j(1). Calculate w(m).
-5
Let r be (-6 + (-392)/(-63))*9. Let w be (-2)/11 - (-39)/33. Let k(c) = c**2 + 0*c + 0*c - w. What is k(r)?
3
Let s(j) = j**2 - 5*j. Let i be (28/(-42))/(1/15). Let g be 0 + (-5)/(i/6). Calculate s(g).
-6
Let i(b) = 9*b**2 - 7*b - 5. Let p(z) = 5*z**2 - 4*z - 3. Let t(u) = 3*i(u) - 5*p(u). Calculate t(-2).
10
Let v = -6 - -9. Suppose 4*l = -3*s - l + 21, 0 = -v*s + 2*l. Let h(j) = -2*j + 3. What is h(s)?
-1
Let s(g) = g**3 - 6*g**2 + 6*g - 4. Let p be s(5). Let m be (p + 0)/((-5)/(-5)). Let n be (m/1)/(4/20). Let o(q) = -q - 1. Give o(n).
-6
Let u(y) be the first derivative of -y**3/6 + 3*y**2/2 + 5*y - 3. Let c(w) be the first derivative of u(w). What is c(3)?
0
Let y be 2/30*-1*5/(-8). Let h(t) be the third derivative of 0 - y*t**4 + 0*t - 5/6*t**3 + t**2. Give h(-3).
-2
Let j(h) = 3*h**2 - 2*h**2 + 2*h**2 - 2*h**2 + 2. Determine j(2).
6
Let v(q) = q**2 + 6*q - 9. Let d = 0 + -7. Let w be v(d). Let t(p) be the second derivative of p**4/12 + p**3/2 - p**2 + p. Calculate t(w).
-4
Let s(k) = k**3 + 4*k**2 + 2*k - 2. Let p = 15 - 19. Give s(p).
-10
Let y(p) = -p**3 + 2*p**2 + 2*p. Let o = 11 - 7. Let j = o - 1. Give y(j).
-3
Let w(b) = -2*b**2 - 5. Suppose 0 = -2*a + 4*a - 2. Let f(h) = -h**2 + 2*h**2 + 3*h - 4*h. Let m(v) = a*w(v) + 3*f(v). Calculate m(4).
-1
Let q(s) be the second derivative of s**3/6 + 5*s**2/2 + 38*s. Suppose -3*r = -7 - 5. Determine q(r).
9
Let g(m) = -20 - 8*m + 10 + 6. Calculate g(-3).
20
Suppose 0 = -4*p - 4*w + 8 - 0, -2*w = -3*p - 4. Let l(g) be the first derivative of -1 + 0*g + 2/3*g**3 + p*g**2. What is l(-1)?
2
Suppose -2 + 5 = h. Let s(z) = -z**2 + 3*z - 4. Give s(h).
-4
Let i be 11/4 + 18/(-24). Suppose -3*r - 3*x = -0*r, -r = i*x - 5. Let g(a) = a**2 + 4*a - 7. Calculate g(r).
-2
Suppose l - 4 = 0, -3*d + 0*l + 13 = 4*l. Let z(o) = 19*o**3 - o**2 + o + 1. Calculate z(d).
-20
Let n(w) be the third derivative of w**5/30 + w**4/24 + 2*w**2. Suppose -2*c - 5*q - 13 = 0, -5*c + 14 = 5*q - 8*q. Give n(c).
3
Let t(u) = -u - 5. Let x(q) = -2*q**3 + 2*q**2 + 2*q - 1. Let g be x(2). Determine t(g).
0
Let z(u) = u**2 - 6*u + 8. Suppose -4*m + 205 = 3*n, 2*n = 7*n - 15. Suppose -5*s + m - 19 = 0. Determine z(s).
8
Let a(i) = -2*i**3 + 2*i**2 + i + 1. Suppose -4*y + 7 = -9. Suppose p - 4*p = 5*n - 6, 4*n + 8 = y*p. Give a(p).
-5
Let w(r) = -219*r - 2*r**2 - r**3 - 2*r**2 + 2*r**3 + 218*r - 2. What is w(4)?
-6
Let t(i) = 8*i - 6. Let k(q) = -23*q + 17. Let l(m) = 2*m**3 + m. Let d be l(1). Let h(a) = d*k(a) + 8*t(a). What is h(2)?
-7
Let m(a) be the second derivative of -3/2*a**2 - 1/3*a**3 + 0 - 3*a. Determine m(-4).
5
Let f(d) = d**2 + 6*d - 3. Suppose 2*j - 1 = 3. Let b be -1*(j - -2 - -1). What is f(b)?
-8
Let m = 3 - -1. Let x(t) = -t**3 + 4*t**2 + 4. Determine x(m).
4
Let v(c) be the third derivative of c**5/10 - c**3/6 + 2*c**2. Let z be 1/4 - 35/28. What is v(z)?
5
Let y(s) = -2*s + 8. Suppose -24*h + 12 = -22*h. Determine y(h).
-4
Let x(u) be the third derivative of u**5/60 - u**4/12 - 4*u**2. Let j = 4 - 2. Suppose 2*o + o - 11 = -j*w, -4*w = -3*o + 5. Calculate x(w).
-1
Let u be ((-3)/(-9))/((-13)/351). Let n(j) = -2*j - 9. Give n(u).
9
Let m(b) = -28*b**2 + 10 + b**3 + 35*b**2 - 4 - 8*b. Give m(-8).
6
Let h = 17 + -19. Let o(z) = 5*z + 1. Determine o(h).
-9
Let k = 15 + -21. Let y be (k/(-4))/((-6)/(-8)). Let c(q) = -3*q**2 + q**2 - 4 - q**3 - q**y. Calculate c(-3).
-4
Let b be (36/168)/(60/14). Let k(q) be the second derivative of b*q**5 + 0 + 1/6*q**3 + 0*q**4 - 2*q - 3/2*q**2. Give k(0).
-3
Let o(y) = -14*y**2 + 14*y + 14. Let j(u) = 0*u**2 - 5 - 5*u + 6*u**2 - u**2. Let i(b) = 11*j(b) + 4*o(b). Suppose 3*h = 4*l + 6, h - 4 = l - 2. Give i(h).
-1
Let m(x) = -5*x - 1. Let p = -13 - -16. Suppose y + p = 4*y. Give m(y).
-6
Let s(f) = f**2 + f - 6. Let c be s(3). Let j(a) = -a**3 + 6*a**2 + a + 4. Give j(c).
10
Let a(z) = z**3 - 4*z**2 + z. Suppose -210*o + 205*o + 10 = 0. Calculate a(o).
-6
Suppose -2*r + 3*g = -17, 3*r = -3*g - g. Let w be 4/6 - r/(-3). Let z(u) = 3 + 1 + 2*u + w. Calculate z(-4).
-2
Let a(y) = 2*y - 2. Let z(i) = 2*i - 2. Suppose 0*r + 5*q - 24 = -r, r = q. Let o(u) = r*a(u) - 3*z(u). Determine o(3).
4
Let t(a) = 4 - 3 - 6*a + 2*a. What is t(-2)?
9
Let f(p) = p**2 + p + 8. Suppose 3*j + 7 + 2 = 0. Let m be (-21)/(9/j) - 3. Let y be (-2)/m + (-8)/(-16). Give f(y).
8
Let j = 42 + -22. Suppose 5*g = g + j. Suppose 0 = 5*d + 20 - g. Let v(k) = -k - 2. Determine v(d).
1
Let c(r) be the first derivative of -11*r**3/3 - r**2 - r + 20. Calculate c(-1).
-10
Let c(k) = 2*k + 6. Suppose 0*n + n = 4*f - 5, 2*n + 10 = -5*f. Give c(n).
-4
Let q(o) = -21 + 2*o + 16 + 0*o. What is q(4)?
3
Let d(h) be the second derivative of -h**4/12 + h**3 + 5*h**2/2 - 2*h. Let v be d(7). Let x(g) = g**2 + 2. Determine x(v).
6
Let v be (-20)/(-6) - (-2)/3. Suppose m = -2*j - 9, v*j - 42 = 4*m - 18. Let w = m - -3. Let r(f) = f**3 + 4*f**2 + 2*f + 4. Give r(w).
-4
Let a(j) be the first derivative of -j**2/2 + 15*j + 6. Let m be a(9). Let z(p) = -p**3 + 6*p**2 - 5. Determine z(m).
-5
Let c = 1 + -7. Let k(i) = -2*i. Let u(y) = y - 1. Let m(x) = -k(x) - u(x). Calculate m(c).
-5
Let a = -6 + 6. Let b(n) = 0*n + 9*n**2 - n - 3*n**2 + a*n. Suppose -4*p + 19 = 3*k - 0*k, 3*p = -k + 8. Determine b(p).
5
Let j = -5 - -7. Let p(s) = -6 - 2*s + 4*s + 0*s**2 - s**j - s. Determine p(0).
-6
Let n(k) = -k**3 + 6*k**2 - 5*k - 5. Let t be ((-4)/10)/((-1)/(-5)). Let x be (1/t)/(1/(-30)). Suppose v - 4 + 3 = h, -v + 5*h - x = 0. Calculate n(v).
-5
Let o(u) be the third derivative of -u**4/8 + u**3/2 - 7*u**2. What is o(3)?
-6
Let s = 64 + -61. Let m(u) be the second derivative of 1/6*u**s - 2*u**2 + 0 - 3*u. What is m(4)?
0
Let f(v) = -2 - 2 - 2*v**2 + 3 + v. What is f(1)?
-2
Suppose -4 = -2